- 4*z + 2906. What is the highest common factor of 187 and o?
17
Let j be 1053/18 - (-22)/(-44). What is the greatest common factor of j and 3886?
58
Let f = -4445 + 7315. What is the highest common factor of 140 and f?
70
Let j be (-469)/3 - (-8)/(-168)*14. Let n = 189 + j. Calculate the highest common factor of 16 and n.
16
Suppose 7*o - 2394 = -0*o. Let l be (-4552)/(-60) - 74/(-555). What is the greatest common factor of o and l?
38
Suppose 2*w + 12 = 2*n, -7 = -3*n + w + 17. Let s = -245 - -348. Suppose 109*z - 864 = s*z. What is the greatest common divisor of n and z?
9
Let n(w) = 2*w**3 - 6*w**2 + 2*w - 6. Let t be n(7). Let l be (0 + 1)/(10/t). Let p = l - 30. Calculate the greatest common factor of p and 90.
10
Let s be -12*(14/(-8) - -1). Suppose 0 = -s*k + 731 + 349. Let c be ((-6)/10)/((-6)/k). What is the greatest common divisor of 24 and c?
12
Suppose -2*g - 1 = -139. Suppose -4*o = -g - 27. Calculate the greatest common factor of 78 and o.
6
Let b be -2*(-1)/(-9) + (2 - (-35112)/297). Calculate the greatest common factor of 3168 and b.
24
Let d be -816 + -2 - 423/(-47). Let j = d - -984. Calculate the highest common divisor of 7 and j.
7
Suppose 0 = 4*g - 4*p - 248 - 196, -4*g + 5*p = -447. Let l = 73 - 33. Let b be l - 1/(1/4). What is the highest common divisor of b and g?
36
Suppose -4*t - 3*w = -718, 90*t - 95*t + 2*w = -932. What is the greatest common factor of t and 136?
8
Let h be (-1833)/(-5) - (-258)/(-430). Let t = h + -18. What is the greatest common divisor of t and 580?
116
Let q(n) = 82*n - 1337. Let a be q(17). Calculate the greatest common factor of a and 665.
19
Suppose 2*d + 1 - 11 = 0, -22 = 3*j - 2*d. Let m = j - -10. Let b be (-26)/(-6) + (-2)/m. Calculate the highest common divisor of b and 10.
2
Let s(p) = 4*p**2 + 3*p + 3. Let q be s(-2). Let t = 32 - q. Suppose -8*h = -119 - 1553. What is the greatest common divisor of h and t?
19
Let q(s) = -3*s**3 + 252*s**2 + 9*s - 664. Let x be q(84). Suppose 4*h + 5*b = 2*b + 95, 0 = 4*b - 4. Calculate the highest common factor of x and h.
23
Let o = 9 + 3. Let g(y) = 101 + 97 - 5510*y + 5482*y. Let b be g(6). Calculate the highest common divisor of o and b.
6
Suppose 0 = -4*l + c + 32, 2 = 5*l - 3*l + 3*c. Suppose 32 = p + 5*j, -10*p + 5*p + 30 = -j. What is the greatest common factor of p and l?
7
Let j be (1 - (5 + -4))/(-2 + 3). Let w(d) = -d + 0*d**2 + 21 - d**2 + 5*d - 4. Let v be w(j). What is the greatest common divisor of 136 and v?
17
Let l be (4/(-6))/((-12)/1458). Let v be -2*3*(-159)/18. Let h = v - 44. What is the greatest common divisor of h and l?
9
Suppose -7*l + 3*l + 34 = 2*w, 5*w = -4*l + 37. Let j = -324 + 508. What is the highest common divisor of j and l?
8
Let v be ((-12)/16)/(3/(-144)). Suppose -7*u = -6*u - 3. Suppose x = u*s - 15, s = -3*s - 4*x + v. Calculate the highest common divisor of s and 42.
6
Let i(v) = -21*v**2 - 7*v + v**3 - 257 + 27*v + 274. Let z be i(20). Calculate the highest common factor of z and 119.
17
Suppose 0*l + 3*l = -5*y + 5840, 0 = -3*l - y + 5860. Suppose 5*s = -5*z + l, z - 3*z - 3*s = -786. What is the highest common factor of 43 and z?
43
Let g(v) = v. Let j(z) = z**2 + 38*z - 5. Let w(s) = -3*g(s) - j(s). Let t be w(-41). What is the greatest common factor of 4 and t?
1
Let m(n) = 2*n - 26. Let c be m(14). Let i be (91*(1 - c) - 3)/(-2). Suppose l - i = -14. What is the highest common factor of l and 22?
11
Let m(q) = q**2 + 8*q - 86. Let l be m(-16). Suppose -9*k + 5*k - 46 = -j, -j + 3*k = -l. What is the highest common factor of j and 20?
10
Suppose 121813 = 3*q + 5*k, -5*q + 2*k + 40849 + 162121 = 0. Suppose 28*r - 1964 = q. Calculate the greatest common divisor of 95 and r.
95
Let w = 93571 + -93570. Let p be (2/(-2))/((-2)/14). Calculate the greatest common factor of w and p.
1
Let i be 35*16/1040*91. What is the highest common factor of 28763 and i?
49
Let u be -32*(-11)/((-220)/8)*5/(-4). Let i be 111/2 - (-1)/2. Calculate the greatest common divisor of i and u.
8
Suppose 3*y - 441 = -9*c, -173 + 417 = 4*c - 4*y. Calculate the highest common divisor of c and 19916.
52
Suppose 68 = -138*s + 206. Let w = -2 - -3. Calculate the highest common divisor of s and w.
1
Let m be (13 - -300)*7 + (-16)/4. What is the greatest common factor of m and 189?
27
Let l(z) = -176*z**3 - z**2 + 1. Let u be l(-1). Let k = 3454 - 3438. Calculate the highest common divisor of k and u.
16
Let g be (-3)/(-6)*((-20)/4 - -3). Let j be (-9)/45 + (g - (-16)/5). Suppose -j*f = -14*f + 312. Calculate the greatest common factor of 78 and f.
26
Let a(x) be the second derivative of 19*x**4/12 - 2*x**3/3 - 3*x**2/2 - 69*x. Let q be a(-1). Calculate the highest common divisor of 12 and q.
4
Suppose 0 = 5*c - 4*k - 107, -2*k + 1 - 112 = -5*c. What is the highest common factor of c and 161?
23
Let y(x) = 172*x - 306. Let h be y(2). Suppose 5*a - k = -5*k + 740, 2*a - 284 = -4*k. Calculate the greatest common factor of h and a.
38
Let k(g) = 30*g**2 + 4*g + 32. Let h(l) = 65*l + 124. Let i be h(-2). Let s be k(i). What is the greatest common divisor of s and 68?
68
Suppose -15 = -5*a - z + 6*z, 2*a - 3*z = 7. Suppose 4*v = -2*n + 874, 3*v + a*n - 673 = 4*n. Calculate the highest common factor of v and 52.
13
Let d be 70*(-24)/(-1200)*270. Suppose 5*t = 724 + 86. Calculate the highest common factor of t and d.
54
Let u = 1799 + -1167. What is the greatest common divisor of u and 104?
8
Let q = 317 - 241. Suppose 4*w - 3*s - q = -0*s, 5*w - 122 = -3*s. Let c(v) = 19*v**2 - v + 2. Let o be c(-3). What is the greatest common divisor of o and w?
22
Suppose -186*m + 249*m - 7308 = 0. What is the highest common divisor of m and 348?
116
Let g be 1/(-6) + 4/24. Let u(p) = 8*p + 25. Let n be u(g). Calculate the greatest common factor of 25 and n.
25
Suppose 376 = -16*o + 17*o. Let f = o + -359. What is the highest common divisor of f and 34?
17
Let i(s) = -7*s**2 + 656*s - 372. Let w be i(89). What is the greatest common factor of 1995 and w?
285
Let b = 198 + -186. Suppose -b*t - t + 130 = 0. What is the highest common factor of t and 310?
10
Let a(t) = t**3 + 3*t**2 + 4*t + 17. Let w be a(0). Suppose -2*o + 228 = 2*o. Suppose 4*z = -w + o. What is the highest common divisor of z and 5?
5
Suppose -11 = -10*j + 39. Suppose 0 = 4*u - 23 - j. Suppose 21*l = u*l + 140. What is the greatest common divisor of l and 25?
5
Suppose 0 = -5*f + 9*f - 380. Let v be (-9)/27*(-1 + -2). Suppose 0 = -5*p + 24 + v. What is the greatest common divisor of p and f?
5
Let r be -106*455/(-4)*(-2)/(-5). What is the highest common divisor of 39 and r?
13
Let m be (-155)/(-3) - 4/(-12). Let n(q) = 8*q - 34. Let r be n(14). What is the highest common divisor of r and m?
26
Let b = -63 + 143. Suppose -12*q - 11*q = -368. Calculate the highest common factor of b and q.
16
Let x be 23/713 - 135406/(-62). What is the highest common factor of 48 and x?
24
Suppose -40*j = -561888 - 25272. Calculate the highest common divisor of j and 63.
63
Let c = -7755 + 7788. What is the greatest common divisor of c and 48?
3
Suppose 4*z + 0*m - 159 = 3*m, -4*m = 2*z - 74. Suppose -3*v = 12, -8 - 9 = -3*g + 2*v. Suppose g*f + 9 = 6*f. What is the highest common divisor of z and f?
3
Let p(y) = -22*y - 16. Let q be p(-2). Suppose 0 = h + 28 + 2. Let z be (-416)/h - (-18)/135. Calculate the greatest common divisor of z and q.
14
Let i(a) = 2511*a**2 + 307*a - 6. Let x be i(-3). What is the greatest common divisor of x and 126?
126
Let v be 45/270 + 11/6. Suppose -3*d + 0*w - v*w = -118, -3*w = -6. What is the greatest common divisor of 608 and d?
38
Let j = 9 - 4. Suppose 0 = j*u - v - 248, -u - 4*u - v = -252. Suppose 270*w - 5365 - 535 = -320*w. What is the greatest common factor of w and u?
10
Let i = 88 - 84. What is the highest common divisor of i and 762?
2
Let a be (4732/(-26))/(2/(-6)). Calculate the greatest common factor of a and 637.
91
Let l(y) = 9*y + 1. Let j(w) = -9*w. Let g(v) = -5*j(v) - 6*l(v). Let f be g(2). Let p be (92/69)/((-2)/f). What is the highest common factor of p and 176?
16
Suppose -5*b + 4*s = -1667, 0 = -5*b + s + 2746 - 1073. Let r be (134/6)/(2/6). Calculate the highest common factor of b and r.
67
Suppose -23*r = -19*r - 20. Suppose -4*u = 5*x - 8*u - 77